Suppose q*b = 3*b - 4. What is the highest common divisor of b and 10?
2
Let y(b) = -43*b - 3. Let u be y(-3). Let w(a) = -3*a - 3. Let o be w(-7). What is the highest common divisor of u and o?
18
Suppose -5*x + 8 = -3*x. Suppose 2*w - x = w. Let m(s) = s - 4. Let p be m(8). Calculate the highest common divisor of p and w.
4
Suppose -346 = -5*u - 4*m, -4*u - 4*m + 268 = -3*m. What is the highest common factor of 22 and u?
22
Let x = 375 + -210. What is the highest common factor of 15 and x?
15
Suppose 9*d = 4*d + 30. Suppose 2*s - 2*g = d*s - 64, 5*s + 2*g - 79 = 0. Calculate the highest common divisor of s and 75.
15
Let y be -2 - ((12 - -1) + -3). Let m = y - -22. Suppose -52 = 3*f - 202. Calculate the greatest common factor of m and f.
10
Let h(f) = f**3 + f**2 + 34. Suppose -2*i = 3*i. Let z be h(i). Calculate the greatest common factor of 17 and z.
17
Let v(i) = -i. Let o be v(-2). Suppose o = 4*r - 402. Let p be (-2 - (1 + -2)) + r. Calculate the highest common factor of 20 and p.
20
Let z be (-2)/(-1) - 54/(-1). Let x = z - -76. What is the highest common factor of x and 12?
12
Suppose 2*s = -5*n + 58, -5*n + 56 = -s + 10. Let j = 24 - n. What is the highest common divisor of j and 14?
14
Let k(i) be the first derivative of -2*i**2 + 19*i + 3. Let u be k(-8). Calculate the greatest common factor of 34 and u.
17
Let k be ((-3)/(-2))/((-8)/(-352)). What is the highest common factor of k and 165?
33
Let o(m) = m**3 + 3*m**2 - m - 3. Let a be o(-3). Let w = 5 + a. Suppose 0 = 20*j - 5*j - 525. Calculate the greatest common factor of w and j.
5
Let k(j) = 3*j - 6. Let q be k(8). What is the greatest common factor of q and 126?
18
Let a(o) = 2*o + 2*o**2 + 5*o**3 - 3*o**3 - 3*o**3 - 2. Let y be a(2). What is the greatest common divisor of y and 5?
1
Let l = -5 + 7. Let d be (2*l)/((-8)/(-44)). Calculate the highest common factor of d and 33.
11
Let f(n) = -n**2 - 5*n + 4. Let s be f(-5). Let c = 9 - s. Calculate the highest common factor of c and 15.
5
Let j be (-10)/(-35) + (-180)/(-7). Suppose -j = 5*h - 6*h. Calculate the greatest common factor of h and 13.
13
Let w = -2 + 5. Suppose -4*d = 2*t, w*d = -3*t + 2 - 8. Let v be d - (3*-13 + 2). Calculate the greatest common divisor of 13 and v.
13
Let o(t) = -9*t + 20. Let q be o(-8). Calculate the greatest common divisor of 23 and q.
23
Suppose -210 = -2*t - 12*t. Let c = -8 + 23. Calculate the greatest common factor of t and c.
15
Suppose -6*a + 2*a + 32 = 0. Let m(i) = -i - 1. Let g be m(-2). Let k be (2 + -3)/(g*-1). What is the highest common factor of k and a?
1
Let z be (102/(-8))/(2/(-16)). Let v = z + -66. Let l be 75*5/(25/6). What is the greatest common divisor of l and v?
18
Suppose 0 = -4*f - 0*f + 216. Suppose 5*u + i = 92, -80 = -4*u - 2*i - 2*i. Calculate the greatest common factor of f and u.
18
Let d(r) = -13*r + 2. Let y be d(2). Let q = -22 + 18. Let i = q - y. Calculate the greatest common factor of i and 4.
4
Suppose 4 + 20 = 2*j. Let o(w) be the first derivative of 3*w**2/2 - 3*w + 1. Let p be o(5). What is the highest common factor of j and p?
12
Let g(q) = -q**3 - q**2 + 2*q + 13. Let z be g(0). Calculate the greatest common factor of z and 13.
13
Suppose 31 = 2*q + v - 29, -3*v = -5*q + 150. What is the highest common divisor of q and 20?
10
Suppose -x = 3*h, x - 3*h - h - 14 = 0. Let v = 9 - x. Let f be -9*(2 + (-51)/9). What is the highest common factor of f and v?
3
Let g(u) = 1 + 10*u - 1. Let r be g(2). Suppose 4*o - 127 = -5*m + 13, r = o + 5*m. What is the highest common factor of 8 and o?
8
Suppose 2*w - 4*q = -q + 9, 4*w = -4*q + 68. Let g = 319 + -67. Suppose -4*y + g = -228. Calculate the greatest common factor of y and w.
12
Suppose 16 - 40 = -3*o. Suppose -6*w = -9*w + 24. Calculate the highest common divisor of o and w.
8
Suppose 4*u - 5*r = 159, 163 = -2*u + 5*u + 5*r. Let w = -4 + u. Let d(p) = -p**2 + 8*p + 6. Let x be d(8). What is the greatest common factor of x and w?
6
Let q = -23 + 35. Suppose -3*w = -5*i - 127 + q, -82 = -2*w - 2*i. What is the highest common factor of w and 5?
5
Let j(x) be the first derivative of -x**4/4 - x**3 + x**2/2 - 4*x - 5. Let n be j(-4). What is the greatest common divisor of 8 and n?
8
Suppose 2*a + 2*a + 2*t = 226, 0 = -4*a - 5*t + 235. Let c(v) = 2*v - 21. Let b be c(16). Calculate the greatest common factor of b and a.
11
Suppose 3 = x, 0*n = 5*n + 2*x - 881. Calculate the highest common divisor of n and 35.
35
Suppose -1 = a + a + 3*c, 5*a + 4*c + 13 = 0. Let d be (28/a)/(1/(-10)). Let j = -7 - -15. What is the greatest common factor of j and d?
8
Let d = 203 - 137. What is the highest common divisor of d and 6?
6
Let p be 33*5*(-6)/(-15). Suppose 0 = -0*z - 2*z + 12. What is the greatest common divisor of z and p?
6
Let j = 9 - 3. Calculate the greatest common factor of 2 and j.
2
Let z be 1/((-24)/23 + 1). Suppose -x + 4*t = -7, -2*x - 4*t - 18 = 16. Let q = x - z. What is the highest common factor of 14 and q?
14
Suppose -3*o + 34 + 2 = -3*r, -5*r = 2*o - 52. What is the greatest common divisor of o and 24?
8
Suppose 3*c + 0*c + 3 = 0. Let g be (-2)/(c/1) + 1. Let n = -15 - -30. What is the highest common divisor of n and g?
3
Let z be 6*(-4 - -1)/(-6). Let g be (3/6)/((-2)/(-105 + -3)). What is the highest common factor of z and g?
3
Let t(b) = -b + 23. Let i be t(-15). What is the highest common divisor of i and 57?
19
Let k(j) = j + 4. Let u(p) = 9*p - 1. Let y be u(1). Let q be k(y). Calculate the greatest common factor of q and 84.
12
Let b be ((-9)/(-6))/((-3)/(-6)). Suppose 2*p = -b + 15. Calculate the greatest common factor of p and 9.
3
Let v be (-5 - -3)/1*-1. Suppose -v*l + 10 = -18. What is the highest common factor of l and 112?
14
Let h be (119/(-14))/((-2)/4). Let k = -9 + h. Let u = 102 - 70. Calculate the greatest common factor of k and u.
8
Let q be 65 + -3 + -1 + 1. Calculate the greatest common divisor of q and 31.
31
Let m = -3 - -7. Let u = 32 + m. Let i be (-2)/(-2) - -1 - -16. Calculate the greatest common divisor of i and u.
18
Suppose 3*t + 5*y = -0*t + 63, 0 = -4*t + 5*y + 84. What is the greatest common divisor of t and 168?
21
Suppose -5*s = -4*j - 30, 2*s + 5*j - 6 = 6. Let c = 7 - s. What is the highest common factor of 5 and c?
1
Let u(p) = p**3 + p**2 - p + 1. Let y be u(2). What is the greatest common divisor of 99 and y?
11
Suppose 90 = 2*w + w. Suppose u - w = -2*u. Let y = u + -4. Calculate the greatest common factor of y and 24.
6
Let j(t) = t**3 + 7*t**2 + 3*t + 3. Let k be j(-6). What is the greatest common factor of k and 14?
7
Suppose 0 = -z + 79 + 9. Calculate the greatest common divisor of z and 8.
8
Let z = 2 - 0. Suppose 0 = -z*u - 30 + 8. Let t = u + 24. What is the greatest common divisor of t and 143?
13
Let b = -49 + 83. Let o = b + -22. Let c(l) = -l**2 - 9*l - 6. Let s be c(-6). Calculate the highest common divisor of o and s.
12
Let m(y) = -3 + 0*y + 1 - 5*y. Let k be m(-2). Calculate the greatest common factor of k and 4.
4
Let l = -2 - -4. Suppose l*r - 4 = 5*s, -3*s - s - 2 = -r. Suppose -b = 4*n - 24, n - 75 = -r*b + 2*n. What is the highest common factor of 4 and b?
4
Let d(p) be the first derivative of p**2/2 - 4*p - 1. Let y be d(6). What is the greatest common factor of 1 and y?
1
Let k = 133 + -109. Let c(j) = -4*j - 3. Let s be c(-2). Suppose 0 = 5*b + 3*l - 74, -s*b - 6*l + 72 = -2*l. Calculate the greatest common factor of b and k.
8
Suppose 142 - 34 = 3*n. What is the highest common divisor of n and 36?
36
Let s be 70 + (6/(-3) - 1). Let c = -40 + s. What is the highest common divisor of 9 and c?
9
Suppose 5*j - 1164 + 214 = 0. Let w(z) = -z**3 + 18*z**2 - 32*z + 19. Let u be w(16). What is the highest common factor of u and j?
19
Let c be 2*3 - (0 - 0). Suppose -36 = -z + 6. What is the greatest common divisor of c and z?
6
Suppose 3*j + 0 - 3 = 0, 5*j = 4*c - 5051. Suppose -l - 3*l = -c. Let w be 4/10 - l/(-10). Calculate the highest common factor of w and 8.
8
Suppose 6*y = 9 + 3. Let u(a) = a**3 - 3*a**2 + 3*a. Let t be u(2). Suppose 0 = -2*d + t. Calculate the highest common factor of y and d.
1
Let u(c) = 4*c + 12. Let j be u(7). Calculate the highest common factor of 8 and j.
8
Let a(m) = 9*m**2 - 10*m - 39. Let d be a(-3). What is 